3*m = 0. Let b = 11 - 7. Suppose 0*a - b*a - 4*i = -156, m = -a + 5*i + 45. What is the greatest common factor of a and 5?
5
Let x = -8 - -10. Suppose 4*c - 316 = 2*c - 4*w, x*w = -2*c + 320. Let d = -38 - -56. Calculate the greatest common divisor of c and d.
18
Let n(g) = g**2 + g - 3. Let a be 51/(-12) + 2/8. Let f be n(a). Calculate the highest common divisor of 9 and f.
9
Suppose 3*h - 299 = 79. Suppose b + 2*b = h. Suppose 5*v - 16 - 14 = 0. Calculate the greatest common factor of v and b.
6
Suppose 4*o = 64 + 12. Suppose 2 + 7 = 3*h. Suppose -152 = h*j - 5*j. Calculate the highest common factor of o and j.
19
Let h = 121 - 111. What is the greatest common factor of 130 and h?
10
Suppose 3*m + m - 620 = 0. What is the greatest common divisor of 31 and m?
31
Suppose -3*q + 6*q = 48. Let p(c) = 10*c - 6. Let t be p(7). Calculate the highest common divisor of t and q.
16
Let z = -13 + 11. Let w(f) = -20*f - 5. Let v be w(z). What is the highest common divisor of 5 and v?
5
Let f(v) = 78*v - 1. Let y be f(1). Let m(l) = -2*l**2 + l + 1. Let w be m(3). Let x be 1/(12/w - -1). Calculate the highest common factor of y and x.
7
Let b = -8 + -1. Let l(p) = p**2 + 7*p + 2. Let h be l(b). Calculate the greatest common factor of h and 30.
10
Let v = 3 - 0. Let m(i) = -i + 2. Let k be m(2). Let z be -12*(k + -1 - 0). Calculate the greatest common factor of v and z.
3
Let t be (-2)/3*9/(-2). Suppose -8*d + 35 = -3*d. Let b(m) = -m**2 + 9*m - 11. Let c be b(d). Calculate the highest common factor of c and t.
3
Suppose 3*d - 3 = 0, 0 = -2*o - 3*d + 24 + 11. Suppose 2*l = 4*u - 150, -u + 2*u + l - 45 = 0. What is the highest common factor of o and u?
8
Let b(y) = -20*y**3 - 1. Let q be (-2)/2 + (-1 - -3). Let w be b(q). Let o = w + 33. What is the greatest common divisor of o and 12?
12
Suppose 3*d = -h - 5, 15 = -2*d - d - 3*h. Suppose d = 4*w + 9 - 49. Calculate the highest common divisor of w and 4.
2
Let g = 555 - 366. What is the highest common divisor of 21 and g?
21
Suppose i = -3*o + 36, -2*o + 108 = 4*i + o. What is the greatest common divisor of i and 240?
24
Let m(h) = -h**2 + 14*h + 14. Let l be m(16). Let z = l - -34. Let u = -153 + 281. Calculate the highest common divisor of u and z.
16
Let x = 1 + 2. Suppose -f + 2*c - 4 = 0, -f + x*c = -2*c + 1. Let s = 11 + f. Calculate the greatest common divisor of s and 15.
5
Let x be (-450)/4*(-34)/51. Calculate the greatest common divisor of x and 15.
15
Suppose -4*y = -8*y + 72. Suppose -u = 3*u - 2*v - 22, 23 = 3*u + 5*v. Calculate the greatest common divisor of y and u.
6
Let m(w) = -w**3 - 2*w**2 - w - 2. Let d be m(-2). Suppose d = -6*o + 3*o + 189. Calculate the greatest common factor of 9 and o.
9
Suppose -l = -0*l. Suppose 2*q = 2*i - 14 + 2, 3*q = 2*i - 15. Let z be l*i/(-9) + 7. Calculate the greatest common factor of 7 and z.
7
Let m be ((-24)/20)/((-5)/150). Let x = -17 - -41. What is the highest common divisor of m and x?
12
Let r(b) = -b**2 + 12*b + 10. Suppose 2*o = 26 - 4. Let a be r(o). What is the greatest common factor of 7 and a?
7
Suppose -f = z, 0*z - 3*f - 35 = -4*z. Let y be ((-2)/3)/(z/(-180)). Let l(g) = 3*g**2 - g - 2. Let p be l(2). Calculate the greatest common factor of y and p.
8
Let b(v) = 168*v**3 - 2*v**2 + 4*v - 2. Let f be b(1). Calculate the highest common factor of 24 and f.
24
Suppose -r + g = -3*g, 5*g = -4*r. Suppose 0 = u - r - 1. Let z be (48/(-15))/(u/(-5)). What is the greatest common factor of z and 4?
4
Let h be (48/(-15) - -2)*5. Let d = -9 - h. Let o(m) = -12*m + 4. Let k be o(d). Calculate the highest common factor of 4 and k.
4
Let g = -7 - -11. What is the greatest common divisor of g and 20?
4
Let t be (3 - (4 - 1))/1. Suppose t = 3*w - w - 10. What is the greatest common divisor of 5 and w?
5
Let x(y) = y**3 + 2*y**2 - 4*y. Let t be x(-2). Let q be (-2230)/(-35) + 2/7. Calculate the highest common divisor of q and t.
8
Let r = -57 - -164. Suppose -h + r - 35 = 0. Calculate the highest common factor of h and 24.
24
Let j be ((-1)/2)/(2/(-56)). Calculate the highest common divisor of j and 154.
14
Let p = -125 - -165. Calculate the greatest common divisor of 4 and p.
4
Let o be (-40)/(-320) - 766/(-16). What is the highest common divisor of 72 and o?
24
Let p be 47 - (-1)/((-3 - -2)/(-1)). Let s = 2 - -4. What is the greatest common divisor of s and p?
6
Let l be ((-2)/(-3))/((-7)/(-63)). What is the greatest common divisor of l and 6?
6
Let p be (-772)/(-7) - (-16)/(-56). Suppose q + 2*m + m - 10 = 0, 0 = 5*q - 4*m - 31. Suppose 4*w - 33 = q. Calculate the highest common factor of p and w.
10
Suppose -2*h = -4*h. Suppose 4*u - 16 = h, 73 = -5*j + 4*u + 307. What is the highest common divisor of j and 125?
25
Let b be 147/9 + -3 + 3/(-9). Calculate the highest common factor of b and 52.
13
Suppose 7*w = -13 + 293. Calculate the highest common factor of w and 5.
5
Let t be 9/(-6) + (-1)/(-2). Let b be 6 + (3 - 2) + t. What is the greatest common divisor of 54 and b?
6
Suppose -2 = -g - 0*g. Suppose g*i = -3*i + 630. What is the highest common factor of i and 18?
18
Let x(l) = 2*l**2 + l + 4. Suppose 0 = -5*f - 1 + 6. Let j = f - 4. Let y be x(j). Calculate the highest common divisor of y and 152.
19
Let m be 6/9*72*1. What is the greatest common divisor of m and 32?
16
Let n be -12*(-1 + 1/(-3)). Suppose -12 = -2*r + 276. What is the highest common divisor of n and r?
16
Let j be -4 + 154/35 - 93/(-5). Calculate the highest common divisor of 57 and j.
19
Suppose 0 = z - 4*z. Suppose z*l = l - 56. Suppose j - 4*c - 29 + 5 = 0, -3*j + 16 = 2*c. Calculate the greatest common factor of j and l.
8
Let b(i) = -2*i - 1. Let y be b(-8). Let z(c) = 31*c**2 - 5*c + 2. Let l be z(3). Suppose 0 = -5*r + l + 109. What is the greatest common divisor of y and r?
15
Let w = 10 - 8. What is the greatest common divisor of 8 and w?
2
Suppose 4 - 28 = -3*s - 3*j, -4*j + 20 = 0. Calculate the greatest common factor of 15 and s.
3
Let h = -21 - -35. Let s = -5 + h. What is the highest common divisor of 18 and s?
9
Let p be -1 + 5 + (-221)/(-1). What is the greatest common divisor of 45 and p?
45
Let b = 40 + -24. Let s = 19 - b. Calculate the greatest common divisor of s and 21.
3
Suppose -5*v + n = -2*v - 40, 4*v - 64 = 4*n. Let a be 6/v + (-166)/(-4). Calculate the greatest common factor of 6 and a.
6
Let f(n) = n**2 + 5*n - 19. Let g be f(-8). What is the highest common divisor of 30 and g?
5
Suppose -2*f - 2 = -38. What is the highest common divisor of 342 and f?
18
Let m(u) = 41*u + 12. Let s be m(3). Calculate the greatest common factor of s and 15.
15
Suppose 2*k - 3 = -x + 7, 4*k + x = 20. What is the greatest common factor of k and 1?
1
Suppose 6*z - 5*z - 3 = 0. Calculate the greatest common factor of z and 24.
3
Let d(a) = -15*a - 12. Let v be d(-4). Calculate the highest common divisor of 64 and v.
16
Let s(j) = j**2 + 11*j + 10. Let z be s(-15). What is the highest common factor of z and 175?
35
Let l(u) = u**3 - 5*u**2 + 5*u. Let d be l(4). Calculate the greatest common factor of d and 18.
2
Let x(j) = -j**2 - 2*j + 2*j**2 + 4*j - 10. Let w be x(8). Suppose 0 = b - 15 - w. What is the greatest common factor of 34 and b?
17
Let w be (-616)/(-42) - (-1 + 10/6). What is the highest common factor of w and 14?
14
Let g be (-4)/(-4 - 0) + 25. Calculate the greatest common divisor of g and 117.
13
Let o(r) = 6*r**2 + r - 2. Let v = -10 + 12. Let q be o(v). Calculate the highest common factor of 36 and q.
12
Suppose 3*u + 159 = z, 187 = 3*z - 2*z + 4*u. What is the highest common factor of z and 19?
19
Suppose 0 = q - 2 - 3. Let n be 20/30 - (-236)/6. Calculate the highest common factor of q and n.
5
Let f = 3 - 1. Let g be (-89)/(-5) + (-2)/(-10). What is the highest common divisor of g and f?
2
Let z(g) = g**2 + 3*g - 6. Suppose t - 2 = o, 2*t + 8 = -o + t. Let c be z(o). What is the greatest common divisor of 28 and c?
4
Let m = 24 - 16. Calculate the highest common divisor of m and 8.
8
Suppose -5*r - 71 = -371. Calculate the highest common factor of r and 90.
30
Let r be 3/(-5) - ((-43)/5 - 1). Suppose -3*u + 3*s = 12, -s - 2 = 3*u + 2*u. Let p be r*(0 - (u - 0)). What is the highest common divisor of 18 and p?
9
Let v = -10 - -16. Let z = -176 - -242. C